ase 3?
-21
Convert 4 (base 13) to base 15.
4
16 (base 15) to base 16
15
What is -60 (base 7) in base 13?
-33
What is 13 (base 4) in base 7?
10
50 (base 15) to base 9
83
10000 (base 2) to base 10
16
Convert -9 (base 12) to base 9.
-10
-2 (base 16) to base 10
-2
111 (base 4) to base 12
19
-88 (base 14) to base 8
-170
Convert 2120 (base 4) to base 13.
b9
13 (base 7) to base 4
22
-111 (base 4) to base 16
-15
-20 (base 3) to base 6
-10
0 (base 11) to base 8
0
What is -56 (base 12) in base 6?
-150
-1 (base 14) to base 6
-1
What is 3 (base 15) in base 14?
3
Convert 3 (base 16) to base 14.
3
Convert 12 (base 13) to base 9.
16
Convert -22 (base 12) to base 6.
-42
-100 (base 2) to base 10
-4
-2b (base 14) to base 15
-29
What is 1 (base 7) in base 16?
1
c (base 15) to base 3
110
Convert 4 (base 14) to base 8.
4
Convert 0 (base 6) to base 10.
0
-90 (base 14) to base 10
-126
Convert -21 (base 6) to base 10.
-13
Convert 15 (base 6) to base 11.
10
What is 0 (base 3) in base 8?
0
-44 (base 16) to base 5
-233
What is -10110 (base 4) in base 9?
-336
What is -2 (base 5) in base 13?
-2
Convert 247 (base 8) to base 9.
205
What is -18 (base 10) in base 3?
-200
4 (base 6) to base 15
4
Convert -3b (base 13) to base 14.
-38
233 (base 5) to base 13
53
What is -41 (base 15) in base 9?
-67
What is 11 (base 4) in base 5?
10
Convert -3 (base 15) to base 14.
-3
Convert -25 (base 16) to base 5.
-122
Convert 9 (base 12) to base 8.
11
Convert 54 (base 11) to base 6.
135
-10103 (base 4) to base 7
-542
-2 (base 8) to base 12
-2
Convert -11 (base 2) to base 15.
-3
Convert -a (base 15) to base 2.
-1010
What is 1111 (base 2) in base 14?
11
What is 1110 (base 2) in base 4?
32
1012 (base 4) to base 15
4a
What is 23 (base 12) in base 4?
123
What is 3a (base 14) in base 5?
202
What is 1332 (base 4) in base 14?
90
-5 (base 14) to base 7
-5
What is -2 (base 10) in base 14?
-2
What is -66 (base 8) in base 2?
-110110
What is -3 (base 10) in base 11?
-3
10 (base 3) to base 7
3
-45 (base 15) to base 2
-1000001
What is 11 (base 7) in base 4?
20
What is 4 (base 13) in base 11?
4
Convert 2 (base 13) to base 10.
2
Convert -9 (base 16) to base 2.
-1001
10010 (base 2) to base 9
20
2 (base 13) to base 3
2
Convert -10101 (base 2) to base 8.
-25
Convert 0 (base 5) to base 2.
0
Convert -b (base 16) to base 11.
-10
5 (base 11) to base 16
5
10 (base 12) to base 2
1100
What is -110 (base 4) in base 2?
-10100
Convert -8 (base 16) to base 6.
-12
What is -33 (base 4) in base 8?
-17
What is -1000000 (base 2) in base 7?
-121
12 (base 5) to base 4
13
Convert 76 (base 9) to base 15.
49
44 (base 9) to base 11
37
Convert -5 (base 7) to base 10.
-5
Convert 11 (base 2) to base 4.
3
66 (base 7) to base 13
39
What is -28 (base 11) in base 4?
-132
34 (base 11) to base 14
29
Convert -2 (base 3) to base 2.
-10
-10 (base 5) to base 13
-5
What is -1 (base 16) in base 6?
-1
-168 (base 14) to base 11
-242
Convert -7 (base 12) to base 15.
-7
What is -11110110 (base 2) in base 15?
-116
Convert -1 (base 12) to base 13.
-1
What is d (base 14) in base 9?
14
1 (base 8) to base 2
1
41 (base 15) to base 14
45
Convert 4 (base 6) to base 3.
11
What is 13 (base 5) in base 7?
11
Convert 15 (base 7) to base 15.
c
7 (base 11) to base 8
7
What is -4 (base 5) in base 12?
-4
What is -4 (base 7) in base 15?
-4
What is 4 (base 13) in base 4?
10
2111 (base 5) to base 12
1b5
4 (base 12) to base 15
4
45 (base 8) to base 6
101
-362 (base 8) to base 9
-288
What is 17a (base 12) in base 11?
1a7
What is 210 (base 3) in base 11?
1a
4 (base 11) to base 12
4
What is -64 (base 9) in base 6?
-134
What is 110 (base 2) in base 13?
6
What is -103 (base 6) in base 10?
-39
What is 2202 (base 4) in base 7?
321
Convert -4 (base 9) to base 3.
-11
What is -21 (base 9) in base 8?
-23
Convert 5 (base 7) to base 14.
5
10 (base 10) to base 11
a
Convert 3 (base 4) to base 10.
3
Convert -18 (base 16) to base 12.
-20
6 (base 9) to base 7
6
What is 131 (base 11) in base 5?
1110
1 (base 10) to base 11
1
14 (base 13) to base 4
101
0 (base 14) to base 15
0
What is -11 (base 3) in base 6?
-4
Convert 0 (base 15) to base 11.
0
What is 110 (base 3) in base 5?
22
18 (base 11) to base 6
31
3201 (base 4) to base 6
1013
Convert 76 (base 13) to base 3.
10121
What is -1101011 (base 2) in base 14?
-79
What is 20002 (base 3) in base 7?
323
-331 (base 5) to base 15
-61
What is 40 (base 13) in base 7?
103
23 (base 4) to base 11
10
Convert 560 (base 7) to base 12.
1bb
What is -4 (base 9) in base 12?
-4
What is -3 (base 13) in base 12?
-3
What is 51 (base 9) in base 11?
42
-111 (base 3) to base 16
-d
Convert -82 (base 10) to base 4.
-1102
1 (base 7) to base 15
1
-3 (base 9) to base 5
-3
What is -66 (base 12) in base 9?
-86
What is 9 (base 10) in base 14?
9
What is -1 (base 10) in base 2?
-1
What is 47 (base 12) in base 11?
50
-118 (base 9) to base 8
-142
What is 8 (base 16) in base 5?
13
Convert -1 (base 16) to base 15.
-1
What is -26 (base 12) in base 8?
-36
Convert 1 (base 13) to base 8.
1
What is -29 (base 13) in base 7?
-50
-8 (base 9) to base 13
-8
Convert 2 (base 5) to base 11.
2
Convert -10 (base 7) to base 6.
-11
Convert 24 (base 7) to base 8.
22
14 (base 10) to base 4
32
Convert -4 (base 14) to base 5.
-4
-a (base 12) to base 5
-20
Convert 16 (base 8) to base 9.
15
Convert -3 (base 10) to base 15.
-3
Convert -1 (base 6) to base 9.
-1
-1031 (base 4) to base 7
-140
Convert 3a (base 11) to base 9.
47
Convert -12 (base 11) to base 3.
-111
1 (base 16) to base 4
1
Convert b3 (base 16) to base 4.
2303
What is -24 (base 13) in base 10?
-30
Convert -32 (base 9) to base 2.
-11101
What is -2 (base 15) in base 9?
-2
Convert 14 (base 8) to base 12.
10
10000 (base 2) to base 5
31
What is -2 (base 9) in base 5?
-2
-1 (base 14) to base 11
-1
207 (base 8) to base 11
113
What is -4 (base 16) in base 3?
-11
-130 (base 5) to base 13
-31
What is -21 (base 7) in base 9?
-16
6 (base 15) to base 6
10
-110 (base 2) to base 16
-6
131 (base 10) to base 7
245
Convert b7 (base 13) to base 8.
226
Convert 10110 (base 3) to base 7.
162
10 (base 9) to base 13
9
Convert -2 (base 8) to base 13.
-2
Convert -26 (base 12) to base 9.
-33
Convert 50 (base 7) to base 5.
120
Convert -14 (base 7) to base 15.
-b
Convert 221 (base 5) to base 10.
61
221 (base 4) to base 14
2d
-31 (base 5) to base 3
-121
Convert -7 (base 9) to base 13.
-7
10010 (base 2) to base 16
12
What is -45 (base 9) in base 3?
-1112
Convert 10211 (base 3) to base 4.
1213
Convert 12 (base 9) to base 4.
23
1 (base 4) to base 5
1
Convert 0 (base 8) to base 16.
0
-1 (base 5) to base 13
-1
-124 (base 6) to base 10
-52
What is 32 (base 15) in base 6?
115
a (base 11) to base 12
a
Convert -233 (base 4) to base 10.
-47
Convert 0 (base 2) to base 3.
0
-1d (base 16) to base 11
-27
What is -a3 (base 13) in base 6?
-341
What is -312 (base 5) in base 10?
-82
What is b (base 13) in base 14?
b
Convert 0 (base 6) to base 7.
0
What is 2 (base 13) in base 8?
2
What is 114 (base 9) in base 7?
163
101 (base 5) to base 2
11010
Convert -11 (base 5) to base 3.
-20
Convert -10 (base 6) to base 8.
-6
What is 1132 (base 5) in base 9?
205
-1 (base 14) to base 10
-1
What is 53 (base 14) in base 13?
58
What is 5 (base 10) in base 6?
5
What is 1 (base 2) in base 16?
1
Convert 11 (base 6) to base 7.
10
Convert -1 (base 10) to base 2.
-1
96 (base 14) to base 12
b0
Convert 23 (base 16) to base 5.
120
53 (base 6) to base 9
36
Convert 91 (base 11) to base 15.
6a
-4 (base 16) to base 13
-4
Convert 1 (base 10) to base 5.
1
-12 (base 9) to base 16
-b
What is 121 (base 3) in base 9?
17
2310 (base 4) to base 2
10110100
Convert -3 (base 13) to base 7.
-3
Convert -1 (base 15) to base 12.
-1
-14 (base 14) to base 4
-102
-21 (base 7) to base 9
-16
-14 (base 7) to base 14
-b
2121 (base 4) to base 11
12a
Convert 216 (base 7) to base 16.
6f
Convert -10 (base 5) to base 12.
-5
-3 (base 10) to base 12
-3
Convert -c6 (base 14) to base 2.
-10101110
Convert -4a (base 11) to base 5.
-204
Convert -5 (base 11) to base 16.
-5
What is 12 (base 4) in base 14?
6
Convert -7 (base 8) to base 3.
-21
0 (base 12) to base 2
0
-11 (base 3) to base 11
-4
1000 (base 2) to base 9
8
What is 7 (base 10) in base 12?
7
22 (base 5) to base 15
c
111 (base 2) to base 5
12
Convert -24 (base 5) to base 9.
-15
What is -1021 (bas